e m(24). List the prime factors of l + 1 - t - -2.
2, 3, 5
Suppose 2*o - 2 - 4 = 0. Suppose -o = -7*s + 6*s. Suppose j - 4*r + 106 = s*j, 5*r - 197 = -4*j. List the prime factors of j.
43
Let w(b) = 58*b - 25. Let f(y) = -59*y + 24. Let j(u) = -2*f(u) - 3*w(u). List the prime factors of j(-11).
643
Let y(g) = 14*g + 0*g - 2*g**2 - 2*g**3 - 6*g**2 - 12. List the prime factors of y(-7).
2, 23
Suppose -3*s + 23 = -c, 0 = -5*s - 4*c + 16 - 6. What are the prime factors of 12/(-8)*(s - 322)?
2, 3, 79
Let t(j) = 8*j**3 - 5*j**2 - 14*j + 269. List the prime factors of t(17).
2, 3, 5, 421
Let a be ((-3627)/62)/((-2)/(-4)). Let n = a + 192. List the prime factors of n.
3, 5
Let h = 40568 - 11997. List the prime factors of h.
28571
Let h(a) = 52*a**2 + 4*a + 3. Let y(s) = s**2 + s + 1. Let x(i) = h(i) - 4*y(i). Let d = -23 + 22. List the prime factors of x(d).
47
List the prime factors of (-4)/42 - ((-60)/(-6) - 4454925/63).
17, 4159
Let m(y) = -16*y + 122. Let g be m(9). Let v(r) = 4*r**2 + 21*r + 11 - 3*r**2 - r. What are the prime factors of v(g)?
5, 11
Suppose 0 = 3*r + 2*r - 3*m - 684, -5*r - 3*m + 696 = 0. Suppose 146 = l + l. Let n = r - l. List the prime factors of n.
5, 13
Let g be -6975 + -2 + -4 + -2. What are the prime factors of (g/(-11) - -2) + 22/121?
7, 13
Let l = -2017 - -2017. Let a(h) = -h**3 + 5*h**2 - 4*h + 2. Let y be a(4). Suppose 3*o + 2*r - 708 = l, 714 = 3*o + 2*r + y*r. What are the prime factors of o?
2, 3, 13
Let d(t) = -48*t - 31. Suppose 0 = m + 2*v + 10, -4*m - v = 30 - 11. List the prime factors of d(m).
7, 23
Let t(b) = -9*b - 18. Let z(o) = -2*o - 1. Let d(x) = -t(x) + 5*z(x). Let l be d(5). Let k(q) = 3*q**2 - 4*q - 2. What are the prime factors of k(l)?
2, 79
Let t(j) = 2*j**2 - 5*j + 1648. Let k be t(0). Let o = -968 + k. List the prime factors of o.
2, 5, 17
Let b(s) be the third derivative of s**4/24 - 23*s**3/2 + 4*s**2. Let q be b(0). Let f = -7 - q. What are the prime factors of f?
2, 31
Let r(a) = 7*a + 3. Let q be 57/(-95) + 193/5. List the prime factors of r(q).
269
Let h be ((-8)/(-24))/(1/(-159)). Let o = h + 241. What are the prime factors of o?
2, 47
List the prime factors of 2/(90/(-2315))*-159 + (-6)/9.
8179
Let y be 64/(-8)*(-3)/(-4). Let l = 115 - 193. List the prime factors of (20/y)/(4/l).
5, 13
Let j be (-16)/20 + (-868)/(-35). Let k(r) = r**3 - 23*r**2 - 20*r - 42. List the prime factors of k(j).
2, 3
Suppose 2733530 = 87*x + 76550. List the prime factors of x.
2, 3, 5, 509
Let h(i) = -i**2 - 19*i + 23. Let a be h(-18). Let w = -31 + a. List the prime factors of (-1)/((w/(-55))/2).
11
Suppose 0 = 3*v + 2*r - 52610, 11*r - 13*r = 4*v - 70146. What are the prime factors of v?
2, 137
Let j(f) = 22*f**2 + 2*f + 36. Let z be j(7). Suppose r + 3*v - z = 0, -3*r + 2*v + 3527 = 154. What are the prime factors of r?
3, 5
What are the prime factors of (-4)/11 - (-6469820)/407?
2, 1987
Suppose 5*p - 4*l - 25156 = 0, -5*l = 14*p - 12*p - 10036. What are the prime factors of p?
2, 3, 419
Let w be (256/(-20))/((-14)/3605). Suppose 4141 = 6*k - k + 4*t, -t - w = -4*k. List the prime factors of k.
3, 5, 11
Let f(g) = g**3 + 10*g**2 - 18*g - 16. Let a(i) = -21*i + 55. Let j be a(3). List the prime factors of f(j).
2
Suppose 0 = -u + 5*s + 2017, -6 = 5*s - 16. Suppose -3*b + 0*b + 3 = 0, b + u = 4*y. What are the prime factors of y?
3, 13
Let b(a) = a - 7. Let g(v) = -v + 8. Let o(h) = 4*b(h) + 5*g(h). Let k be o(9). Suppose -l = k*y - 253, -4*l + 113 + 125 = 3*y. What are the prime factors of y?
2, 43
Let c = -706 - -1006. Suppose c = -4*z + 52. List the prime factors of -2 - ((-3)/6 - z/(-4)).
2, 7
Let g be (192/(-3))/(-8) - -888. Suppose 7*d = g + 3913. List the prime factors of d.
3, 229
Let b(n) = 1815*n**2 - 1797*n**2 + 0*n + 8*n + n**3 + 15. What are the prime factors of b(-17)?
2, 3, 7
Let u(c) = c**2 + c + 1. Let t(b) = 17*b - 20*b + 8*b + 25 - 10*b**2. Let f(l) = -t(l) - 6*u(l). List the prime factors of f(10).
7, 37
Let k = 122 + -111. Suppose -k*w + 324 = -8*w. Let y = 189 - w. List the prime factors of y.
3
Suppose 0 = -3*z + 4*o + 6616, -8828 = 10*z - 14*z + 4*o. What are the prime factors of z?
2, 7, 79
Let p(x) = 17*x**2 + 23*x - 428. What are the prime factors of p(21)?
2, 59
List the prime factors of -9 + (-25)/(-3) + (-56012)/(-12).
13, 359
Let j(z) = -3*z**3 - 18*z**2 - 17*z + 19. Suppose 3*n - 25 - 25 = 5*q, n - 12 = q. List the prime factors of j(q).
3, 5, 19
Let f(h) be the second derivative of -2*h - 2/3*h**3 + h**2 + 46/3*h**4 + 0. What are the prime factors of f(1)?
2, 7, 13
Let d(l) = -3911*l - 1493. What are the prime factors of d(-6)?
7, 43, 73
Let m = -113 + 382. Let r = m + 202. What are the prime factors of r?
3, 157
Let z = -26 + 26. Suppose -a + 4*j = 4*a - 1239, z = -2*a - 3*j + 491. Let q = a + -83. List the prime factors of q.
2, 41
Suppose p - 97 = -0*p. Suppose -16 - 34 = -5*t. Let r = p + t. What are the prime factors of r?
107
Suppose 2*v + 86244 = 2*u, 3*u + 2667*v - 129354 = 2672*v. What are the prime factors of u?
2, 3, 599
Let d = 8 - 8. Let a be 1107/2 + (-2)/(-8)*-2. Suppose 5*z + 262 + 81 = 3*u, 5*u + z - a = d. List the prime factors of u.
3, 37
Suppose -7*t = -2*t - 15. Suppose t*b - 213 = 48. Let o = -46 + b. List the prime factors of o.
41
Let t(x) = -11941*x - 306. List the prime factors of t(-1).
5, 13, 179
Suppose -4*r + 18972 + 13851 = 5*p - 6567, 4*r = 0. List the prime factors of p.
2, 3, 13, 101
Suppose 4*n - 17 = 2*a - n, -n = 3*a. Let w be -3 - (0 + a + (-10)/2). Suppose -364 = -4*o - 4*j, w*o - 101 = 3*j + 196. List the prime factors of o.
5, 19
Suppose 4*o = 2*p - 24, -4*p - 2 = 2*o - 0. Let r = 1760 - 1755. Suppose p*x = 6*x + u - 207, -2*x + 81 = r*u. List the prime factors of x.
53
Let j(f) = f**2 + 67*f + 359. Let h be j(-6). What are the prime factors of ((-1941)/6)/(h/14)?
647
Let x be (9 - (4 + -3)) + -1062. Let z = x - -1497. What are the prime factors of z?
443
Let a(y) = -y**3 + 18*y**2 - 36*y + 265. List the prime factors of a(14).
5, 109
Let i = -147 - -164. What are the prime factors of (i/4)/((-4)/(-32))?
2, 17
Let g be (0*8/64)/((-3 - -2)*1). Suppose 0*o - 4 = 5*i + 2*o, 0 = o + 2. Suppose i = -d - 2*w - w + 144, -d + 2*w + 164 = g. List the prime factors of d.
2, 3, 13
Suppose -5*y - 148 = 192. Let c = 68 + y. Suppose 4*b - 124 - 60 = c. List the prime factors of b.
2, 23
Suppose 4*p - 418 + 16 = -r, 0 = -r + 4*p + 418. Suppose 4*q - 1724 = 5*h, -3*h + 7*h - r = -q. What are the prime factors of q?
2, 3, 71
Suppose 484*f - 3609 = 481*f. List the prime factors of f.
3, 401
Suppose 0 = 5*h + g - 57828, -13*h + 15*h - 23124 = 2*g. What are the prime factors of h?
3, 5, 257
Let t(n) = 44*n + 908. What are the prime factors of t(-15)?
2, 31
Suppose 11*m = 8*m. Let b be (2 + 8)/2 + -1. Suppose b = -p - 0, m = 3*g - p - 367. What are the prime factors of g?
11
Let y = -187 + 1081. Suppose 3*i + 886 = 5*i + 3*n, -2*i = n - y. Suppose -8*w = -215 - i. What are the prime factors of w?
83
Suppose 0 = -3*t + 5*a + 67287, 112105 = -1077*t + 1082*t + 5*a. List the prime factors of t.
2, 2803
What are the prime factors of (-10)/75 - 9110684/(-330)?
2, 7, 17, 29
Suppose 0 = -7*q + 11*q - 2840. Suppose 0 = 5*w - 3*g - 1803, g - q = -2*w + 5*g. Let n = w - 144. What are the prime factors of n?
3, 73
Let p be 90/35 + (-4)/(112/(-12)). List the prime factors of 4 - (p + 1) - -716.
2, 179
Let l(u) be the first derivative of -u**4/4 + 248*u - 38. Let h be l(0). Let z = h + -147. List the prime factors of z.
101
Suppose 411 = 18*d - 237. List the prime factors of 1513 + (5 - d/4).
3, 503
Let t be (0 + 327/2)*(-80)/(-120). Let z = t - 85. Suppose 2*h - 180 = -z. What are the prime factors of h?
2, 3, 13
Let d(l) = -2*l**2 - 4*l + 18. Let o(a) = a**2 + 3*a - 21. Let x(i) = -4*d(i) - 5*o(i). List the prime factors of x(-8).
7, 31
List the prime factors of 1 + 15852 + (-3985)/(-797).
2, 3, 881
Suppose r + 564 = 2*x - r, r = -5*x + 1386. Let w be x/(-8)*(-7 - -3). Suppose -3*s = 2*m - 127, m + 0*m = 3*s - w. What are the prime factors of s?
3, 5
Let i = 251 - 241. Let n(l) = 4*l**2 + 4*l - 54. What are the prime factors of n(i)?
2, 193
Suppose -16*y + 75*y - 490703 = 0. List the prime factors of y.
8317
Suppose 5*i - 56541 = -q, 40*i + q - 22617 = 38*i. What 